Let y be d(3). Let m(o) = o**2 - 6*o - 14. What is m(y)?
2
Suppose -5 = -5*c - 15. Let b(a) be the third derivative of -a**5/60 - a**4/6 - a**3/2 - 164*a**2. Determine b(c).
1
Let m(j) = -5*j - 12. Let v be m(-3). Let q(r) = -2 - 5 + r + v. Give q(0).
-4
Let j(l) be the second derivative of l**4/12 - 11*l**3/6 + 7*l**2/2 - 6*l - 3. Suppose -f + 6*f + 2*g - 52 = 0, 0 = -5*f - 4*g + 54. What is j(f)?
-3
Let p(x) = 0 + 3 - 4 - 3*x. Let y be (-2)/(-6) - 28/21. Let a be (-3 + -3 + 10)/y. Give p(a).
11
Let p be (1/6)/((-44)/(-154)). Let o(u) be the second derivative of 1/20*u**5 - p*u**4 - 5*u + u**3 + 0 - 7/2*u**2. Calculate o(6).
-7
Let p(d) be the third derivative of 43*d**5/60 + d**3/6 + 16*d**2 + 3*d. Give p(-1).
44
Let j(m) = m + 0*m + m**3 + 4*m**2 - 6*m. Suppose -3*i = -2*s + 4, -4 + 2 = -s - 4*i. Suppose s*v - 4*y + 10 = -7*y, -5*y - 25 = 5*v. What is j(v)?
0
Let c(q) = -11*q + 1. Suppose 12 = -a + 5*p, -5*a + 4*p + 1 = -2. Suppose -i = 3*o + i + a, -i - 5 = -2*o. What is c(o)?
-10
Let k(y) = 2*y**2 + 0*y**2 - 13*y + 14*y. Suppose 5*o + 6 = -4. Determine k(o).
6
Let g(n) = -n + 2. Let r(o) = -9*o**2. Let a be r(1). Let k(w) = 3*w**2 + w. Let y be k(2). Let d = y + a. Determine g(d).
-3
Let m(s) be the third derivative of -s**4/24 + 7*s**3/6 + s**2 - 50*s. Calculate m(-8).
15
Suppose -3 = -6*r + 9. Suppose 0 = -x + 4 + r. Let k(s) = -s + 6. What is k(x)?
0
Let d(k) = 2*k**3 + 0*k**3 + 22*k**2 - 4 - 7*k**2 - 13*k**2 + 6. Suppose 0 = -4*p - 2*b - 16, 3*p + b = -10. Determine d(p).
-6
Suppose w = -4*w + 5. Suppose 3*x + 16 = w. Let h(l) be the second derivative of -l**4/12 - l**3/2 + l**2/2 + 10*l. Calculate h(x).
-9
Suppose 0 = r - 2*h, 6*r - h = 3*r + 10. Let v(w) = -w**3 + 3*w**2 + 2*w + 4. Determine v(r).
-4
Let r(f) be the second derivative of 0*f**4 + 0 - 9*f - 8/3*f**3 - 7/2*f**2 + 1/60*f**5. Let d(q) be the first derivative of r(q). Calculate d(0).
-16
Let c(i) = -2*i**3 + 3*i + 3. Suppose -v + 12*s + 3 = 11*s, 4*v = 2*s + 2. Give c(v).
13
Let a(u) = u**2 + 3*u - 2. Let h = -41 + 45. Let q be (0 - h)/(-16) + (-17)/4. What is a(q)?
2
Let l(k) = 4*k - 1. Let t(a) = -a + 1. Let x(c) = -l(c) - 6*t(c). Let q(s) = -3*s + 6. Let h be q(0). Determine x(h).
7
Let h(x) = -10*x**2 - 9*x - 37. Let n(d) = 4*d**2 + 4*d + 16. Let t(a) = -3*h(a) - 7*n(a). Let j(u) = -u**3 + 3*u**2 + 2. Let w be j(3). Calculate t(w).
5
Let h be (-1)/(5 + (-42)/9) + 5. Let z(s) = s**3 - 2*s**2 + 2*s + 1. Determine z(h).
5
Let g(t) = 14*t**3 - t**2 - 13*t + 16. Let w(q) = 6*q**3 - q**2 - 6*q + 7. Let l(c) = 2*g(c) - 5*w(c). Determine l(3).
-18
Let q(k) = k**3 - 12*k**2 + 10*k + 4. Suppose 0 = 3*y + 12, 3*y - 13 = -3*h - 2*y. Give q(h).
-7
Let n = -2 + 1. Let y(w) = -6*w - 6*w + 0*w + 18*w + 1 + 0*w. Determine y(n).
-5
Let g(k) = -k - 3*k + 2*k. Let x be g(-1). Let l(b) be the second derivative of -b**5/20 + b**4/12 + b**3/6 + b**2 - 20*b. What is l(x)?
0
Let u(k) = 2*k**3 + 2*k**2 - 2*k. Let h be (6 + 0)/(6*(-5)/(-40)). Suppose 29*p - 25*p = -h. Give u(p).
-4
Let m(n) = n**2 - 1. Let y(t) = 4*t**2 - 5*t - 16. Let j(h) = 8*h**2 - 10*h - 31. Let o(i) = 6*j(i) - 11*y(i). Let c(a) = -5*m(a) + o(a). Calculate c(-5).
-5
Let k(t) = -2*t - 1. Let r be 6/(-9)*(-2 - -11). Let v be 1*15/r*2. Determine k(v).
9
Let c(l) = l**2 + 15*l + 22. Let y be c(-13). Let j = 17 - 15. Let g(r) = -3 - j - 4*r + 0*r + 0*r. Give g(y).
11
Let z(u) = 5*u + 5*u - 4*u - 110*u**2 + 111*u**2 + 2. Let v be (15/(-9))/((-1)/(-3)). Determine z(v).
-3
Let z(o) = -o**3 - 6*o**2 - 2. Let f = -16 - -11. Let n(h) = -h - 1. Let c be n(f). Suppose 10 = c*r - 2*d + 32, 0 = 4*r + 4*d + 28. What is z(r)?
-2
Let w(h) = -h**3 - 6*h**2 - h. Let s(b) = b + 14. Let j be s(-10). Let u be (-4)/(-2)*1 + 1. Suppose -3*c + 36 = -j*t - u, -t + c = 11. What is w(t)?
6
Let u(o) = 8*o - 4 + 1 + 4 - 3*o. Determine u(-7).
-34
Let c(d) = -5*d**2 - 3*d - 10 + 4*d**2 - 7*d. Suppose -2*z = -2*l - 22, 3*l + 0*z - 2*z = -31. Let s be c(l). Let v(a) = 12*a + 1. Determine v(s).
-11
Let i(j) be the second derivative of j**4/12 - j**3/6 + 3*j**2/2 - 4*j. Let w = 210 + -210. What is i(w)?
3
Let g(x) = -5*x**3 + x**2 + 6*x + 5. Let n(d) = d**3 + 1. Let w(r) = -r**3 - 5*r - 10. Let p(y) = 5*n(y) + w(y). Let m(i) = -3*g(i) - 4*p(i). Calculate m(-4).
13
Let f(b) = b + 7. Suppose 2*n + 16*n = -108. Let v be f(n). Let h(y) = 0 - 1 - 23*y**2 + 5*y**2. Give h(v).
-19
Let y(p) = -2*p**3 - 1. Let c(t) = -7*t**3 - 13*t**2 + 11*t - 6. Let l(o) = -c(o) + 4*y(o). Calculate l(12).
14
Let z be -2 + -10*(-44)/165. Let q(m) be the first derivative of z*m**3 + 8 + 2*m + m**2 + 1/4*m**4. Give q(-2).
-2
Let q(j) = -1. Let r(n) = n**2 + 10*n - 3. Let w(t) = -5*q(t) - r(t). Determine w(-9).
17
Let u(l) = -3*l**2 + l. Let y(t) = 2*t**2 - 2*t + 1. Let i(z) = -6*u(z) - 7*y(z). Let f be i(-7). Let j be f/(-35) + 2/(-10). Let p(o) = o + 7. Determine p(j).
3
Suppose 0*f - f + 8 = 3*k, 5*f - 3*k = 22. Let i(v) = v**2 - 8*v + 17. Let y be i(f). Let t(x) = -x**2 - 2*x + 3. Calculate t(y).
-5
Let k(v) = -2*v - 8. Let j be k(-5). Let x(r) = 6 + 6*r - 2*r**j + r**2 + 0*r**2 - 4. What is x(5)?
7
Let y(r) = -r**3 + 4*r**2 + r - 1. Let d = 83 - -183. Suppose 0*g + 7*g - d = 0. Let i = g - 34. Give y(i).
3
Let o(b) = -b**3 - 7*b**2 + 2*b + 10. Let x = -24 - -34. Suppose x*j - 7 = 11*j. What is o(j)?
-4
Suppose -v - 4 = -3*v - d, 0 = -v - d + 4. Let j(n) = n**3 - 14. Give j(v).
-14
Let k(j) = -7*j. Let w be (3 - -4) + 8/(-4). Let f(y) = -8*y. Let z(i) = w*f(i) - 6*k(i). Determine z(-1).
-2
Let x(m) = 4*m - 3. Let c(n) = 5*n - 3. Let f(v) = 2*c(v) - 3*x(v). Calculate f(7).
-11
Let j(z) be the third derivative of 0 + 0*z - 1/60*z**5 - 20*z**2 + 5/6*z**3 - 1/24*z**4. What is j(0)?
5
Let p(g) = 6*g - g**2 + 5*g - 5*g - 3. Let u(i) = -37*i - 1992. Let a be u(-54). Give p(a).
-3
Let m(f) = -6*f - 2. Let c(b) = 11*b + 5. Let w(p) = -2*c(p) - 5*m(p). Let g(x) = -x + 1. Let t be g(-1). Suppose 5*r = t*r - 3. Determine w(r).
-8
Suppose 0 = -5*g - 5*w - 15, -5*g - 5 = 3*w. Let c(d) = 4 + g*d**2 - d**2 + d + 5*d + 0*d. Calculate c(-4).
-4
Let w(b) be the first derivative of b**4 + 4*b**3/3 + 2*b**2 - b - 526. Calculate w(-2).
-25
Let w(f) = -2*f - 19. Suppose -3*j + 21 = 51. Calculate w(j).
1
Let v(x) = -7*x - 24. Let t(u) = -u - 1. Let s(l) = 6*t(l) - v(l). Give s(-9).
9
Let x(r) be the second derivative of 16*r - 1/20*r**5 - 5/3*r**3 - 11/12*r**4 + r**2 + 0. Calculate x(-10).
2
Let z be (-197)/(-660) - (-10)/495*-9. Let h(n) be the third derivative of -z*n**5 + 1/120*n**6 - 1/3*n**3 + 1/4*n**4 + 3*n**2 + 0 + 0*n. Determine h(6).
-2
Let r(n) be the first derivative of -n**4/4 - 14*n**3/3 + 7*n**2 - 13*n - 3. Let c be r(-15). Let b(d) = -3*d + 3. What is b(c)?
-3
Let d(j) be the first derivative of -j**3/3 + 4*j**2 - 8*j + 11. Let a be 1 + (-4 + 6 - -3). Give d(a).
4
Let c(d) = -4*d**2 + d**2 + 3*d - d**2 + 3*d**2 + 2. What is c(4)?
-2
Suppose 8*k + 21 = -3. Let m(a) = -7*a + 2. Let n(i) = 3*i - 1. Let f(b) = k*m(b) - 5*n(b). Give f(-2).
-13
Let h be (-35)/14*2*-1. Suppose -h*q + 12*q = 14. Let k be (-12)/(-8)*(q - 4). Let s(w) = 5*w - 3. Determine s(k).
-18
Let v(j) = j**3 - j + 1. Let o be 2 - (4 - 19)/(-3). Let n = 4 + o. Give v(n).
1
Let v(j) = j + 2. Suppose 0 = -10*f + 5 - 15. Let a be (6/(-45)*-6)/(f/(-5)). Calculate v(a).
6
Let u = 14 + -7. Let f(h) be the third derivative of h**4/8 - 4*h**3/3 - 2*h**2 + 16*h. What is f(u)?
13
Let v(r) = 7*r - 14. Suppose o = a + 2, -10 = 3*o + 4*a - 44. What is v(o)?
28
Let o = -4 - -9. Let r(v) = -7*v + 14. Let m(d) = 12 - 7 - 4*d + 8 - 2*d. Let u(h) = o*m(h) - 4*r(h). Give u(6).
-3
Let h(v) = 8*v**2 + v + 1. Let y be h(-1). Suppose -3*o = -17 + y. Let b(w) = -w**2 + 4*w - 3. Give b(o).
0
Let a(g) = 3*g + 20. Suppose 4*q + 4*c = -48 + 4, 0 = -3*q + c - 13. Let m be a(q). Let t(f) = m*f + 0*f + 3*f**2 - 2*f**2 - f + 3. What is t(3)?
15
Let q(t) = -5*t**3 - 4*t**2 - 6*t. Let s(f) = -4*f + 1. Let p be s(-1). Let k(v) = 4*v**3 + 4*v**2 + 5*v. Let b(j) = p*q(j) + 6*k(j). Calculate b(4).
0
Let j(t) = t**3 + 7*t**2 + 6*t. Let p be j(-6). Suppose p = 4*z + z + 15. Let v(f) = -3*f + 0*f + 674*f**2 - 2 - 675*f**2. Give v(z).
-2
Let j(p) be the first derivative of -p + p**2 - 5 - 2*p**2 + 3. Let w(f) = -9*f + 31. Let i be w(4). Give j(i).
9
Suppose 2*w + r = 